ate a(b).
2
Let p(u) = 4*u**3 - u. Suppose -5*d = -32 - 23. Let c = d + -7. Let n = -5 + c. Calculate p(n).
-3
Let n(c) = -8*c + 3. Let u(v) = 9*v - 4. Let g(h) = -5*n(h) - 4*u(h). What is g(2)?
9
Let t(q) = q**3 - 5*q**2 + 7*q - 6. Suppose 0*p = -4*p + 16. Calculate t(p).
6
Let s(w) = 12*w + 1. Suppose 2 = -0*v + 2*v. Calculate s(v).
13
Let d(v) = -4*v + 2 + 3*v - v + v**2. Suppose 5*u + 5*y - 18 = 2, -3*y = -3*u + 6. Determine d(u).
5
Let k(v) = 6*v + 3. Let m be 6 + -6 - (0 + 2). Calculate k(m).
-9
Let o be 1/(-2*(-2)/(-8)). Suppose 6*g - 10 = 4*g. Let h(u) = -5 + 2*u + 1 + g - u. Calculate h(o).
-1
Suppose 5*m + 14 = -1. Let q be ((-4)/(-6))/((-3)/(-9)). Let a(j) = -4 + 0*j - 2*j**2 + 5*j**q + j**3 + 0*j. Determine a(m).
-4
Let u(t) be the second derivative of t**4/6 + t**3/6 - t**2/2 + 31*t. Let r be (-1)/(1/2 + -1). Calculate u(r).
9
Let s = -4 - -6. Let m(t) = -t**2 + 3*t - 3. Give m(s).
-1
Suppose 0 = 2*d + 3*d - 20. Suppose d = -q + 3. Let b(w) = 6*w**2 - 20*w**2 + 11*w**2 - w. Determine b(q).
-2
Suppose 0 - 1 = c. Let r(u) be the first derivative of 7*u**4/4 - u**2/2 - u - 9. Give r(c).
-7
Let l(a) = -a - 7. Let g(p) = -1. Let j(s) = 3*g(s) - l(s). Let n be (-5)/4*(-4)/(-1). Give j(n).
-1
Let y(j) = j - 2*j + 1 - 1762*j**2 + 1760*j**2. Let k be 1 + -1 - (3 + -1). Give y(k).
-5
Let q(y) = -y**3 - 4*y**2 + 4*y - 2. Suppose -5*s = 5, -12 = -5*z + 2*s - 0*s. Suppose -4 = -4*r - z*n - 54, 0 = 3*r - 4*n + 10. Let t = r + 5. Calculate q(t).
3
Let n(u) = -u**3 + u**2 - 2. Let f(t) = 8*t - 6*t + 3 - 4*t - 5. Let w be f(-2). Calculate n(w).
-6
Let r(y) = y**2 - 6*y + 4. Suppose 21 = 4*u + 3*b, -9 = -6*b + 3*b. Calculate r(u).
-5
Let z(m) = 11*m. Suppose 0 = -4*i - 4*p - 16, -3*i - 2*i = -4*p + 2. Give z(i).
-22
Let k(c) = c**3 + 3*c**2 + 3. Suppose -g + 1 = -4. Suppose -g*v - 3 = 12. What is k(v)?
3
Suppose -5*z - 5 = v + 1, 4*z + 7 = -3*v. Let d(w) = -6*w**2 + 2*w - 3. Let t(f) = f**2 - f + 2. Let q(m) = d(m) + 2*t(m). What is q(z)?
-3
Let l(q) = -2*q - 5. Let c be l(-6). Let u be 77/22 - (-3)/2. Let r(o) = -13*o - c*o**2 - u + 2*o**2 + o**3 + 8*o. Give r(6).
1
Let z(f) = 4*f - 9. Let s(j) = j - 7. Let a(n) = -3*s(n) + 2*z(n). Suppose -4*y - 6 = -2*y. Calculate a(y).
-12
Let c(p) be the third derivative of p**5/60 + p**4/8 + p**3/2 + 5*p**2. Give c(-5).
13
Let j(q) = q**3 - 18*q**2 + 0*q + q + 7*q**2 + 2 + 13*q**2. Let u(b) = b - 1. Let k be u(-2). Let r = -5 - k. Calculate j(r).
0
Let g be (-1 + 1)/((-7)/((-21)/6)). Let f(j) = -j**2 - 18. Calculate f(g).
-18
Let u(p) = p**2 - 11*p + 16. Let h be u(9). Let w(a) = a**3 + 5*a**2 + 4*a + 3. Determine w(h).
7
Let l(p) = -2*p**3 + 3*p**3 + 4*p - 2*p + 3 - 4*p**2 - 8*p. Give l(4).
-21
Let s(l) = 1 - 2*l + l**3 + 6*l + 0 + 2 + 2*l**2. Give s(-2).
-5
Let v(j) = -j**3 - 2*j**2 + 2*j - 2. Let y be v(-3). Suppose -y = -k + 1. Let f(m) = m + 1 - m**3 + 0*m**3 + 0. Give f(k).
-5
Suppose -3*q - 4 = -0*q + 2*w, 6 = -2*q - 2*w. Let v(h) = 3*h**q + 6*h - 6 - 5*h**2 + h**2. Let k(z) = -z**3 - 5*z**2 + 6. Let d be k(-5). What is v(d)?
-6
Let s(d) = d**3 - 2*d**2 + 2*d - 1. Let a(b) = -7*b - 6. Let f(c) = 20*c + 17. Let u(l) = 17*a(l) + 6*f(l). Let p be u(2). What is s(p)?
3
Suppose -5*n + 17 + 43 = 0. Let k(y) = -2*y**2 - 4*y**2 - y + n*y**2. Let p be 0 + (1 - 2) - -2. Give k(p).
5
Let t(w) = -2*w - 4. Let b be t(-3). Let p(g) = -2*g + 3. Let f be p(b). Let z(l) = -l**2 - 2*l**3 - 1 + 2*l**3 - l**3. What is z(f)?
-1
Suppose -5*f - 18 = -4*z, 0 = -2*z + 2*f - 3 + 11. Let p = 3 - 0. Let x(h) = -2*h + 3*h + 3 + h**p - z - 6*h**2. Determine x(6).
7
Let m be ((-1)/(-2))/(1/8). Let p(y) = -3*y + 15 - m*y - y**2 - 22. Determine p(-5).
3
Suppose -3 - 11 = -d. Let a = d + -2. Suppose a = -2*m + 4*z - 2, -12 = 4*m - 4*z. Let u(w) = -6*w**2 - w. Determine u(m).
-7
Let p(h) = 352*h**3 + 8 + 8*h**2 - 2*h**2 + h - 351*h**3. Give p(-6).
2
Let k(n) = n + 11. Let j be 0 + (156/4)/3. Suppose -o - 2*o + q = j, 0 = -4*o - 5*q - 49. Calculate k(o).
5
Let a(t) be the third derivative of 1/30*t**5 + 0*t - 5/6*t**3 - 1/6*t**4 + 0 + 5*t**2. What is a(4)?
11
Let i(o) = -o**2 + o + 1. Let b(j) = -2*j**2 + 4*j + 3. Let h(q) = b(q) - 3*i(q). Give h(0).
0
Let b(r) = 7*r**3 + r**2 - 5*r - 11. Let p(h) = h**3 - h - 1. Let t(a) = -b(a) + 6*p(a). Suppose u = -3*u. What is t(u)?
5
Suppose 6*w + 0*w = 12. Let i(n) = -n + 2. Give i(w).
0
Let t(d) = d**2 + 3*d - 1. Let v = -1 + 0. Let z = v - 0. Let b(a) = a**2 + a. Let r(n) = z*t(n) + 5*b(n). Give r(-1).
3
Let u(x) = 5*x**2 - 29*x - 7. Let s(y) = -y**2 + 7*y + 2. Let r(m) = -9*s(m) - 2*u(m). Let f be 75/10*6/(-9). Let p be r(f). Let o(v) = v - 2. Give o(p).
-6
Let z(t) = t**2 - t + 2. Suppose -5*s + w = 13, -8*s - 25 = -3*s - 5*w. Let u(f) = f**3 + 2*f**2 - f. Let m be u(s). Give z(m).
4
Suppose -2*a + 6*a + 36 = 0. Let k(u) = u**2 + 7*u - 9. Give k(a).
9
Let y(z) be the second derivative of 3*z**3/2 - z**2/2 + z. Suppose -6*t + t - 30 = 0. Let a be (-1)/(-3*(-2)/t). Give y(a).
8
Let l(d) = -3*d**2 - 6*d + 1 + 6*d**2 - d**3 + 3*d**2. Let a = -22 + 27. What is l(a)?
-4
Let f(o) = -14*o - 12. Let g(n) = -5*n - 4. Let u(y) = 4*f(y) - 11*g(y). Calculate u(3).
-7
Suppose -4*v + 0 + 8 = 0. Let b(z) = 5*z - 3. What is b(v)?
7
Let l(u) = -u**3 + u**2 - 2*u - 2. Let g be l(-1). Let f(q) be the first derivative of -2/3*q**3 + 2*q - q**g + 1. What is f(-2)?
-2
Let r(d) = -2*d**2 + 2*d + 1. Let u(v) = -v**3 - v**2 + 3*v - 3. Let c be u(-3). Let o = -14 - -11. Let l be (1/2)/(o/c). Calculate r(l).
-3
Let c = -7 + 9. Let r(j) = 3*j - 3 - 1 + 3. Determine r(c).
5
Let y be -1 + 7 + -2 - -2. Let s(z) = -z**2 + 3*z + 10 + 3*z + 0*z**2. Let w(o) = -1. Let k(u) = -s(u) - 6*w(u). Give k(y).
-4
Let a(x) = 4*x**2 + 7*x - 3*x**2 - 2*x**2. What is a(6)?
6
Let w(b) = -b**2 + 5*b + 8. Suppose 15 = -5*i, 2*i = f - 2*i - 18. Let v be w(f). Suppose v*t - 3 = t. Let a(n) = n**3 - 3*n**2 - 4*n + 3. Calculate a(t).
-9
Let q(g) be the second derivative of -g + 1/360*g**6 + 0*g**2 + 1/24*g**5 + 0 - 1/12*g**4 + 0*g**3. Let w(h) be the third derivative of q(h). Determine w(-4).
-3
Let y(g) = -g**3 - 7*g**2 - 1. Let p be y(-7). Let k = p - -4. Let a(z) = -3*z + 3*z**2 - 6 - z**k + 0 + 5*z + 5*z. Determine a(4).
6
Let k(b) = 0*b**2 - 2*b**2 + 3*b**2 + 5*b - 2. Let q = -6 - -2. Determine k(q).
-6
Let o(y) = y**2 - y - 1. Let q(t) = -6*t**2 + 5*t. Let f(n) = -2*o(n) - q(n). Determine f(2).
12
Let g(p) = -p**2 - 12*p - 8. Let k be g(-11). Let v be 3/(-5) + 26/10. Let q(o) = -v*o - 3*o + o + o**2. Give q(k).
-3
Let h(s) = -4*s - 4*s**2 + 3*s**2 + s + 7. Suppose 4*o + 10*k + 35 = 5*k, 0 = 2*o - 3*k + 1. What is h(o)?
-3
Let u(p) = -p**2 - p**2 - 3 + 3*p**2 + 5*p. Let v be (-2 + (180/(-8))/(-5))*-2. Determine u(v).
-3
Let k be (-6)/(-27) - (-4)/(-18). Let w be 1/1 + -3 + 5. Let x(b) = 121*b**w - 122*b**3 - 7 + b**2 + 4*b - 3*b. Determine x(k).
-7
Let k be ((-14)/6 - -2)/(2/(-6)). Let a(r) = r**2 - 1. Let f(v) = v**2 - v - 1. Let u(t) = -3*a(t) + 2*f(t). Calculate u(k).
-2
Let y(h) = -4*h + 1. Let v(c) = -c**2 - 22*c + 4. Let l(r) = -3*r**2 - 67*r + 12. Let w(x) = -2*l(x) + 7*v(x). Let p(a) = -2*w(a) + 11*y(a). Calculate p(2).
3
Suppose -4 = -o - o. Let c(x) = -2 + 6 + 5 - 2*x - x**o - 10. Calculate c(-4).
-9
Let c(j) = -3*j - 12. Let n(i) = -i - 1. Let x(u) = c(u) - 2*n(u). Let z = 10 + -10. Give x(z).
-10
Let t(q) = q**3 - 5*q**2 + q + 5. Suppose 2*w + 14 = 6. Let o be (21/(-12))/(1/w). Let y = -3 + o. What is t(y)?
-7
Suppose -5*r = -5*w - 5, -3 + 1 = 2*r. Let t(s) = -7*s + 2. Calculate t(w).
16
Let z(g) = g**3 - 3*g**2 - 4*g + 5. Let t be z(4). Let b(m) = 58*m**3 - 3 - m - 5*m**2 + 0*m**2 - 2 - 57*m**3. Determine b(t).
-10
Let u(s) be the third derivative of -s**5/60 + s**4/12 + 2*s**2. Determine u(1).
1
Suppose -4*k = -16, c + 10 = -c + k. Let y(l) be the third derivative of 0*l - 1/12*l**4 + 1/6*l**3 - l**2 + 0. Calculate y(c).
7
Let n(o) be the third derivative of -o**5/60 + 5*o**4/24 - o**3/6 - o**2. Let b be 0*(15/(-6) + 2). Suppose b = -4*k - 8, 3*k + 0*k + 1 = -f. Give n(f).
-1
Let w(h) = 7 - 7 + h + 2*h**2 - h**2. Let x(m) = 7*m**2 + 3*m - 2. Let g(q) = -6*w(q) + x(q). Let z(u) = u - 2. Let j be z(5). Determine g(j).
-2
Suppose -3*q - 4*r - 3 - 1 = 0, -3 = 4*q + 3*r. Let z(a) be the second derivative of 1/12*a**4 + 0 + 2*a + 